i + 5. Give l(-4).
-3
Let a(p) = -70*p - 778. Give a(-11).
-8
Let y(x) = x + 4. Give y(-8).
-4
Let a(b) = -9*b**2 + 1. Determine a(1).
-8
Let r(u) = -55*u + 3. Calculate r(-1).
58
Let u(y) = -y**3 - 5*y**2 - 4*y - 9. Calculate u(-5).
11
Let r(h) = h**3 - 48*h**2 + 2*h - 95. Give r(48).
1
Let t(r) = -r + 56. What is t(0)?
56
Let d(l) = -4*l - 37. What is d(0)?
-37
Let t(p) = 6*p - 13. Give t(9).
41
Let y(s) = -s**3 + 13*s**2 - s + 5. Determine y(13).
-8
Let l(g) = -5*g**2 + g - 2. Give l(2).
-20
Let s(p) = -17*p + 264. Determine s(16).
-8
Let g(l) = 4*l - 10. What is g(3)?
2
Let h(x) = 2*x + 1. Determine h(-1).
-1
Let w(a) = 2*a**3 + 4*a**2 + 5*a + 7. Determine w(-2).
-3
Let o(h) = 17*h + 2. Give o(-3).
-49
Let t(h) = -7*h**2 - 5*h - 1. Calculate t(-4).
-93
Let l(a) = a**2 + 30*a + 169. What is l(-8)?
-7
Let h(m) = -5*m + 2. Calculate h(-7).
37
Let i(r) = -r + 16. Determine i(7).
9
Let x(r) = r**2 + 9*r + 6. Calculate x(-6).
-12
Let w(k) = -3*k**2 + 6*k - 8. Determine w(2).
-8
Let h(f) = 2*f**2 + 5*f - 7. What is h(-6)?
35
Let f(h) = -18*h + 139. Calculate f(7).
13
Let o(b) = -3*b**2 + 7*b + 6. Give o(4).
-14
Let g(c) = -2*c**2 - 15*c - 1. Calculate g(-6).
17
Let p(x) = -x**2 - 7*x - 10. Calculate p(-6).
-4
Let s(o) = o**2 + 3*o + 4. Give s(-5).
14
Let c(n) = 10*n - 2. Determine c(-1).
-12
Let j(x) = -x**3 - 3*x**2 - x + 10. Give j(-5).
65
Let r(a) = -a**3 - 5*a**2 + 7*a + 10. Give r(-6).
4
Let q(h) = h**2 + 5*h + 2. Give q(-3).
-4
Let c(l) = -l**3 + 7*l**2 - 2*l + 3. Calculate c(6).
27
Let t(i) = 14*i + 3. Give t(-2).
-25
Let n(u) = 2*u - 37. Give n(20).
3
Let g(l) = -22*l - 5. Calculate g(-2).
39
Let g(t) = t**2 - 33*t - 223. Determine g(39).
11
Let k(b) = 3*b - 5. Determine k(7).
16
Let x(k) = k**3 - 6*k**2 + k. What is x(5)?
-20
Let m(i) = -5*i - 2. Determine m(-4).
18
Let h(a) = -2*a - 9. Calculate h(-9).
9
Let i(k) = k + 4. Determine i(-8).
-4
Let y(c) = 2*c + 47. Determine y(-27).
-7
Let u(w) = w**2 - 76*w + 146. Determine u(74).
-2
Let h(o) = -o + 23. Give h(11).
12
Let y(o) = o**2 + 20*o + 2. Determine y(-20).
2
Let l(y) = -3*y + 10. Calculate l(5).
-5
Let s(v) = -4*v - 19. What is s(-3)?
-7
Let h(p) = -p**3 - 4*p**2 + 2*p - 2. Determine h(-4).
-10
Let u(f) = -f**2 - 10*f - 23. Calculate u(-7).
-2
Let i(a) = 2*a**2 + 2*a + 2. Give i(-2).
6
Let y(o) = -o**2 - 2*o + 4. What is y(-5)?
-11
Let y(x) = 2*x**2 + 10*x - 6. Calculate y(-6).
6
Let n(o) = o**3 + 3*o**2 + 3*o + 2. Give n(-2).
0
Let r(b) = -2*b**2 + 68*b + 80. What is r(35)?
10
Let p(u) = -u**3 - 5*u**2 + 5*u + 7. Give p(-5).
-18
Let f(k) = 3*k - 2. Give f(-6).
-20
Let d(w) = w**3 - 13*w**2 - 3. Give d(13).
-3
Let n(w) = -16*w - 30. Calculate n(-7).
82
Let i(d) = -d**2 - 11*d - 31. Determine i(-7).
-3
Let c(z) = -z**2 + 8*z - 17. Calculate c(3).
-2
Let a(f) = f**2 + 38. Give a(0).
38
Let w(i) = i**3 - 5*i**2 + 6*i + 3. Give w(3).
3
Let y(p) = -p**2 - 10*p - 22. Calculate y(-5).
3
Let o(p) = 29*p - 40. What is o(2)?
18
Let t(z) = -10*z + 9. Calculate t(4).
-31
Let h(z) = -6*z**3 - 1. What is h(1)?
-7
Let c(v) = 2*v + 7. Determine c(-5).
-3
Let m(i) = -i**3 + 8*i**2 - 6*i + 7. Calculate m(7).
14
Let s(p) = -p**2 + 10*p - 8. Determine s(4).
16
Let w(d) = 21*d - 7. Give w(3).
56
Let i(x) = -16*x - 87. Calculate i(-5).
-7
Let r(i) = 9*i**3 + i**2 + 4*i - 7. What is r(2)?
77
Let m(v) = -v - 9. Calculate m(-6).
-3
Let a(h) = h**3 - 11*h**2 + 8*h + 7. Determine a(10).
-13
Let l(q) = -11*q**2 - 67*q. Give l(-6).
6
Let l(v) = 4*v**2 + v + 65. What is l(0)?
65
Let q(m) = m**2 + 8*m - 14. Calculate q(-8).
-14
Let g(w) = -4*w - 3. Calculate g(-13).
49
Let a(z) = 12*z**2 + 5*z - 2. Give a(-3).
91
Let t(q) = q**3 + 2*q**2 + q - 2. What is t(-2)?
-4
Let c(s) = s**2 + 58*s - 297. Determine c(-63).
18
Let l(b) = -5*b**2 + 4*b - 4. What is l(-4)?
-100
Let q(l) = -l**3 + 2*l. Calculate q(-2).
4
Let o(x) = -6*x - 36. What is o(-7)?
6
Let v(j) = 7*j - 4. Calculate v(5).
31
Let r(p) = 10*p**2 + 3*p + 4. What is r(-1)?
11
Let h(v) = 2*v**2 - 22*v + 25. What is h(11)?
25
Let j(g) = g**3 - 2*g**2 - 5*g - 4. Calculate j(-2).
-10
Let z(a) = -a - 4. What is z(9)?
-13
Let s(t) = -t**2 - 22*t - 19. Determine s(-21).
2
Let f(k) = k**2 - 2*k - 5. Determine f(4).
3
Let n(f) = f**3 - 5*f**2 - 50*f. Determine n(10).
0
Let u(j) = -j**3 + 8*j**2 - 5*j - 14. Give u(6).
28
Let x(i) = -i**3 - 7*i**2 + 3*i - 1. What is x(-7)?
-22
Let j(o) = -o**3 - 2*o**2 + 7*o - 4. Give j(-4).
0
Let p(a) = 3*a**2 - a - 2. Determine p(3).
22
Let s(y) = -y**3 + 11*y**2 + 15*y - 33. Calculate s(12).
3
Let h(m) = -2*m**2 - 2*m + 10. Calculate h(-5).
-30
Let o(y) = y**3 + 4*y**2 + y - 4. Determine o(-3).
2
Let a(t) = t**3 - 9*t**2 - 11*t + 23. Calculate a(10).
13
Let m(d) = -5*d - 63. Give m(-12).
-3
Let s(i) = -i**3 + 7*i**2 + 3*i + 11. Calculate s(8).
-29
Let t(d) = d**3 - 3*d**2 - 3*d + 6. Give t(4).
10
Let p(q) = q**3 + 10*q**2 - 11*q + 13. Determine p(-11).
13
Let l(i) = 10*i + 12. Determine l(-7).
-58
Let p(f) = f**3 - 11*f**2 - 13*f + 7. Give p(12).
-5
Let b(g) = g**3 - 9*g**2 - 24*g - 8. Calculate b(11).
-30
Let k(i) = -i**3 - 12*i**2 - 14*i - 24. Determine k(-11).
9
Let c(n) = -n**2 - 20*n - 9. Determine c(-19).
10
Let b(i) = -2*i**2 + 9*i - 3. Calculate b(4).
1
Let k(c) = -c**3 + 5*c**2 - 4*c + 4. Calculate k(3).
10
Let a(c) = -3*c + 4. What is a(11)?
-29
Let w(k) = 7*k + 2. Give w(1).
9
Let z(u) = u - 9. What is z(8)?
-1
Let h(j) = j**3 + 10*j**2 + 8*j - 2. What is h(-9)?
7
Let a(r) = r**2 + 15*r + 40. Calculate a(-11).
-4
Let b(r) = 19*r - 50. Calculate b(-5).
-145
Let f(q) = 3*q**2 + 5*q - 3. Give f(-7).
109
Let s(z) = -3*z + 10. Determine s(3).
1
Let l(d) = 32*d + 739. Calculate l(-23).
3
Let c(v) = v**2 - v. What is c(5)?
20
Let x(k) = k**2 - 22*k - 8. Calculate x(22).
-8
Let z(j) = j**2 + 13*j - 24. Determine z(-14).
-10
Let p(d) = -2*d - 25. Give p(-12).
-1
Let r(z) = -2*z**3 - 37*z**2 - 18*z - 2. What is r(-18)?
-2
Let m(k) = k**3 + 3. What is m(-3)?
-24
Let u(z) = 2*z**2 + 6*z - 3. Calculate u(-2).
-7
Let t(p) = -p**3 - 10*p**2 + 9*p - 16. What is t(-11)?
6
Let q(t) = 34*t - 58. Determine q(2).
10
Let b(g) = -43*g - 29. Determine b(-1).
14
Let r(k) = 6*k - 73. What is r(13)?
5
Let n(o) = 4*o**2 - o - 12. Determine n(-3).
27
Let l(a) = a + 26. Calculate l(-16).
10
Let h(y) = -2*y**2 - 14*y + 134. Determine h(-12).
14
Let r(q) = 4*q + 114. Calculate r(-32).
-14
Let c(h) = -h**2 + 15*h - 22. Determine c(13).
4
Let c(v) = 2*v**3 + 22*v**2 + 2*v + 23. Calculate c(-11).
1
Let u(m) = m**2 + 3*m. Determine u(0).
0
Let q(p) = -4*p + 13. What is q(-9)?
49
Let k(r) = -2*r + 7. Calculate k(23).
-39
Let r(w) = w**3 - 8*w**2 + 7*w - 4. Determine r(4).
-40
Let u(w) = 9*w - 29. What is u(3)?
-2
Let a(l) = -l + 22. Determine a(18).
4
Let r(l) = 4*l**2 + 2*l + 11. Give r(5).
121
Let h(j) = j**2 + 9*j - 3. Give h(-9).
-3
Let m(l) = -l**2 - 4*l - 3. Calculate m(-2).
1
Let o(f) = f**3 - 8*f**2 + 4*f + 11. Determine o(7).
-10
Let n(k) = -2*k**2 - 21*k - 22. What is n(-9)?
5
Let g(s) = -s**3 + 26*s**2 - 49*s + 23. What is g(24)?
-1
Let h(g) = g**3 + 7*g**2 - 4*g. Calculate h(-4).
64
Let g(c) = 9*c + 431. Calculate g(-48).
-1
Let m(r) = -r**2 - 13*r. Give m(-13).
0
Let h(s) = -2*s**3 + 5*s**2 + 13*s - 16. Calculate h(5).
-76
Let d(r) = -3*r**2 - 2*r - 4. Calculate d(-2).
-12
Let t(z) = -z - 16. Determine t(-12).
-4
Let b(g) = -2*g**3 - g**2 - 1. Determine b(1).
-4
Let t(q) = q**3 + 12*q**2 - 31*q - 17. What is t(-14)?
25
Let n(a) = -a**3 + 7*a**2 - 6*a - 2. What is n(7)?
-44
Let u(f) = -15*f - 67. Give u(-6).
23
Let m(c) = -5*c - 116. What is m(-20)?
-16
Let t(n) = 2*n**2 + 69*n - 105. Give t(-36).
3
Let q(v) = -2*v + 2. What is q(2)?
-2
Let y(q) = 4*q + 19. Calculate y(-6).
-5
Let d(n) = -2*n + 12. What is d(11)?
-10
Let k(d) = d**3 - 6*d**2 + 5*d - 2. What is k(2)?
-8
Let q(v) = 13*v. Determine q(2).
26
Let k(s) = s**3 - 18*s**2 + 16*s + 24. Calculate k(17).
7
Let c(s) = 11*s - 5. Determine c(4).
39
Let b(q) = q**3 + 38*q**2 + 73*q + 39. Determine b(-36).
3
Let j(o) = 35*o**2 + o + 2. Calculate j(2).
144
Let g(x) = x**2 - 29*x - 76. Determine g(33).
56
Let x(r) = -r**3 - 9*r**2 - 3*r + 6. Calculate x(-6).
-84
Let m(g) = g**3 - g**2 + 2*g + 39. Calculate m(0).
39
Let d(t) = -t**3 + 19*t**2 - 17*t - 8. What is d(18)?
10
Let v(d) = -d**3 - 5*d*